 the units digit of 9137?
7
What is the thousands digit of 140319?
0
What is the tens digit of 158674?
7
What is the tens digit of 20700?
0
What is the tens digit of 1373?
7
What is the thousands digit of 6894?
6
What is the hundreds digit of 10699?
6
What is the thousands digit of 3666?
3
What is the tens digit of 4258?
5
What is the hundreds digit of 18047?
0
What is the tens digit of 5163?
6
What is the units digit of 530?
0
What is the thousands digit of 2576?
2
What is the thousands digit of 4553?
4
What is the hundreds digit of 25822?
8
What is the hundreds digit of 9190?
1
What is the tens digit of 689?
8
What is the tens digit of 13577?
7
What is the hundreds digit of 8781?
7
What is the hundreds digit of 24160?
1
What is the tens digit of 5687?
8
What is the tens digit of 972?
7
What is the hundreds digit of 4038?
0
What is the tens digit of 4103?
0
What is the hundreds digit of 414?
4
What is the thousands digit of 2271?
2
What is the units digit of 1219?
9
What is the units digit of 1920?
0
What is the ten thousands digit of 88016?
8
What is the hundreds digit of 2118?
1
What is the tens digit of 16455?
5
What is the ten thousands digit of 16571?
1
What is the units digit of 1789?
9
What is the tens digit of 56018?
1
What is the units digit of 1343?
3
What is the tens digit of 4677?
7
What is the hundreds digit of 3416?
4
What is the units digit of 7269?
9
What is the ten thousands digit of 18997?
1
What is the units digit of 633?
3
What is the thousands digit of 10504?
0
What is the hundreds digit of 613?
6
What is the units digit of 1884?
4
What is the hundred thousands digit of 129082?
1
What is the hundreds digit of 4296?
2
What is the tens digit of 56229?
2
What is the ten thousands digit of 39316?
3
What is the units digit of 4236?
6
What is the tens digit of 43446?
4
What is the hundreds digit of 170?
1
What is the units digit of 3886?
6
What is the hundreds digit of 1453?
4
What is the units digit of 32509?
9
What is the units digit of 2805?
5
What is the hundreds digit of 1056?
0
What is the units digit of 2738?
8
What is the tens digit of 45354?
5
What is the thousands digit of 4242?
4
What is the units digit of 3535?
5
What is the hundreds digit of 2429?
4
What is the units digit of 6323?
3
What is the thousands digit of 59736?
9
What is the ten thousands digit of 34778?
3
What is the tens digit of 2801?
0
What is the tens digit of 454?
5
What is the units digit of 707?
7
What is the hundreds digit of 12624?
6
What is the thousands digit of 1013?
1
What is the tens digit of 19?
1
What is the thousands digit of 5518?
5
What is the thousands digit of 13782?
3
What is the hundreds digit of 3076?
0
What is the hundreds digit of 2122?
1
What is the thousands digit of 19519?
9
What is the hundreds digit of 3161?
1
What is the units digit of 44371?
1
What is the units digit of 2904?
4
What is the tens digit of 24376?
7
What is the hundreds digit of 8574?
5
What is the hundreds digit of 9205?
2
What is the tens digit of 544?
4
What is the thousands digit of 3415?
3
What is the units digit of 1379?
9
What is the hundreds digit of 9207?
2
What is the tens digit of 323?
2
What is the hundreds digit of 5892?
8
What is the units digit of 826?
6
What is the ten thousands digit of 21319?
2
What is the ten thousands digit of 92701?
9
What is the hundreds digit of 6506?
5
What is the tens digit of 2393?
9
What is the ten thousands digit of 16767?
1
What is the hundreds digit of 2125?
1
What is the hundreds digit of 31304?
3
What is the units digit of 10720?
0
What is the units digit of 3702?
2
What is the tens digit of 13508?
0
What is the ten thousands digit of 10576?
1
What is the units digit of 3159?
9
What is the units digit of 1170?
0
What is the thousands digit of 21748?
1
What is the hundreds digit of 1431?
4
What is the tens digit of 5911?
1
What is the units digit of 30035?
5
What is the units digit of 5188?
8
What is the tens digit of 767?
6
What is the ten thousands digit of 20254?
2
What is the thousands digit of 25386?
5
What is the tens digit of 949?
4
What is the tens digit of 74642?
4
What is the units digit of 2011?
1
What is the hundreds digit of 8607?
6
What is the units digit of 644?
4
What is the units digit of 76858?
8
What is the units digit of 3438?
8
What is the thousands digit of 3381?
3
What is the tens digit of 6703?
0
What is the units digit of 3932?
2
What is the units digit of 8021?
1
What is the hundreds digit of 32216?
2
What is the tens digit of 111?
1
What is the thousands digit of 1265?
1
What is the ten thousands digit of 17376?
1
What is the units digit of 19995?
5
What is the tens digit of 180?
8
What is the tens digit of 5045?
4
What is the tens digit of 343?
4
What is the units digit of 6700?
0
What is the tens digit of 2989?
8
What is the tens digit of 849?
4
What is the hundreds digit of 2636?
6
What is the units digit of 48804?
4
What is the thousands digit of 9284?
9
What is the tens digit of 26987?
8
What is the thousands digit of 7661?
7
What is the units digit of 2965?
5
What is the tens digit of 404?
0
What is the hundreds digit of 260?
2
What is the tens digit of 43893?
9
What is the units digit of 27485?
5
What is the tens digit of 513?
1
What is the thousands digit of 7597?
7
What is the units digit of 27784?
4
What is the tens digit of 16?
1
What is the units digit of 138919?
9
What is the thousands digit of 1669?
1
What is the thousands digit of 1319?
1
What is the thousands digit of 1260?
1
What is the thousands digit of 3163?
3
What is the hundreds digit of 2129?
1
What is the tens digit of 13217?
1
What is the hundreds digit of 1809?
8
What is the thousands digit of 22384?
2
What is the tens digit of 6204?
0
What is the tens digit of 2335?
3
What is the hundreds digit of 2993?
9
What is the hundreds digit of 16568?
5
What is the hundreds digit of 1090?
0
What is the thousands digit of 27916?
7
What is the thousands digit of 1982?
1
What is the hundreds digit of 122?
1
What is the units digit of 47130?
0
What is the thousands digit of 180506?
0
What is the hundreds digit of 5087?
0
What is the units digit of 95994?
4
What is the tens digit of 143214?
1
What is the tens digit of 32?
3
What is the hundreds digit of 4078?
0
What is the hundreds digit of 7310?
3
What is the tens digit of 1863?
6
What is the hundreds digit of 8156?
1
What is the ten thousands digit of 33638?
3
What is the thousands digit of 3944?
3
What is the units digit of 9243?
3
What is the units digit of 8220?
0
What is the tens digit of 2900?
0
What is the thousands digit of 4097?
4
What is the tens digit of 388?
8
What is the units digit of 4958?
8
What is the ten thousands digit of 30163?
3
What is the tens digit of 1530?
3
What is the thousands digit of 2431?
2
What is the thousands digit of 2537?
2
What is the units digit of 1511?
1
What is the hundreds digit of 101?
1
What is the tens digit of 2457?
5
What is the hundreds digit of 31125?
1
What is the ten thousands digit of 23152?
2
What is the hundreds digit of 5079?
0
What is the hundreds digit of 2600?
6
What is the units digit of 21239?
9
What is the tens digit of 534?
3
What is the hundreds digit of 318?
3
What is the tens digit of 5365?
6
What is the hundreds digit of 14674?
6
What is the thousands digit of 21593?
1
What is the tens digit of 7372?
7
What is the hundreds digit of 821?
8
What is the units digit of 30332?
2
What is the thousands digit of 2535?
2
What is the tens digit of 244?
4
What is the thousands digit of 2675?
2
What is the thousands digit of 1231?
1
What is the hundreds digit of 97422?
4
What is the hundreds digit of 2617?
6
What is the units digit of 559?
9
What is the hundreds digit of 383?
3
What is the thousands digit of 1112?
1
What is the tens digit of 958?
5
What is the tens digit of 1862?
6
What is the tens digit of 109690?
9
What is the ten thousands digit of 35064?
3
What is the hundreds digit of 35324?
3
What is the thousands digit of 2569?
2
What is the hundreds digit of 3692?
6
What is the tens digit of 801?
0
What is the tens digit of 60383?
8
What is the tens digit of 894?
9
What is the hundreds digit of 6018?
0
What is the units digit of 24230?
0
What is the hundreds digit of 2356?
3
What is the ten thousands digit 